 g. Is b composite?
False
Suppose 4*p - 1416 = -d, -12*d + 1077 = 3*p - 15*d. Is p a prime number?
False
Suppose 12*q - 18*q = -102. Let r(f) = 13*f**2 + 12*f + 46. Is r(q) composite?
False
Let j be -8 - -5 - 1468/(-2). Let n = 1318 - j. Is n prime?
True
Let y be 3 + (-238)/(-26) + 6/(-39). Let z = y + 77. Is z composite?
False
Let b be 40/6 - 2/3. Let x be b/(-4)*(1 + -215). Suppose -4*k + x = 101. Is k a prime number?
False
Let s(d) = d**3 + 5*d**2 - 5*d + 15. Let j be s(-6). Suppose 6 - j = v. Is (-6)/(-4)*(-634)/v a prime number?
True
Suppose o - 11 = -5*x, -1 - 6 = -5*o - x. Let l be (-54)/(-2) + (-2 - o). Is 2018/3 - (-8)/l prime?
True
Let z(v) = v**3 - 10*v**2 + 9*v + 8. Let i be z(7). Let x = i - -282. Let o = x + -95. Is o prime?
False
Let k(u) = 12*u**3 - 5*u**2 + 12. Let z(s) = s**3 - s**2 + s + 1. Let c(g) = k(g) - 3*z(g). Is c(5) prime?
True
Is ((-2)/(-10))/((-12)/(-20))*1041 prime?
True
Suppose 6*h + 10 = 22. Let d(c) = 6*c**2 - c. Let f be d(1). Suppose -h*u = s - 221, -3*u + 4 + f = 0. Is s a composite number?
True
Suppose 2*k - 30 = -5*o, 3*o + 2*k = 27 - 5. Suppose -3*s + 960 = 2*s - 5*a, 0 = -3*s + o*a + 577. Is s a composite number?
False
Suppose -7*h = 6*h - 40781. Is h composite?
False
Suppose u - 77991 = -14*b + 10*b, -3*u + 97487 = 5*b. Is b a composite number?
True
Let p(i) be the third derivative of 5*i**4/3 + 29*i**3/6 - 5*i**2. Is p(9) a prime number?
True
Let s(t) = 29*t**2 - 2*t - 5. Let d(a) = 28*a**2 - a - 5. Let k(i) = -2*d(i) + 3*s(i). Is k(-2) prime?
True
Let l be 1/(3 - (-44)/(-14)). Let n be -5 - l - (1 - 214). Suppose -4*b - b = -3*j + n, -2*b = -j + 73. Is j a prime number?
False
Suppose 0 = w - 2*w + 14699. Is w prime?
True
Let p be (-6)/8 - (-12)/16. Suppose 4*i + 2*a = 2, -2*i + p*i + 5 = 5*a. Suppose -n + 66 + 271 = i. Is n a composite number?
False
Let k be 3 - (-8)/(-1) - 3 - -2. Let p(n) be the third derivative of n**5/12 - 13*n**4/24 + n**3/6 + n**2. Is p(k) composite?
True
Let g(n) = -23*n**3 - n**2 - 5*n - 2. Let s be g(-4). Suppose 4*k - 1482 = s. Is k prime?
True
Suppose 2*t + 5*s = -t - 8, 2*s + 20 = 3*t. Suppose t*v - v = 6792. Suppose k - v = -319. Is k a prime number?
False
Let x = -49 - -49. Suppose 4*d - 125 - 63 = x. Is d prime?
True
Let o(b) = -944*b + 119. Is o(-13) a composite number?
False
Let k(i) = -120*i - 101. Is k(-25) a prime number?
False
Let o be (-219 + -1)*6/8. Let a = o - -307. Is a a prime number?
False
Let m be 1/(0 + (-3)/(-6)). Suppose 3*k - 5*v = -23, 0*k - m*k + v - 6 = 0. Is (-116)/(-4)*k*-5 a composite number?
True
Is -3071*(-6)/(6 + 0) a prime number?
False
Suppose -3*z - 4 = o, 2*z + 4*o + 16 = -z. Let w be 149 + z*(-2)/(-4). Suppose -2*a + 133 + w = 0. Is a a composite number?
True
Let z(y) be the first derivative of 872*y**3 - 3*y**2/2 - 2*y - 29. Is z(-1) a composite number?
False
Let u(k) = 651*k + 424. Is u(13) a prime number?
True
Let f = 1761 + -692. Is f a prime number?
True
Let p = -1425 - -2434. Is p a composite number?
False
Suppose -2*x = -0*x - 42. Let u(g) = -x - 4*g + 3*g**2 - g - 2*g. Is u(-11) prime?
True
Let n(d) be the third derivative of -3*d**5/10 + 5*d**4/12 - 5*d**3/3 + 5*d**2. Let q(k) be the first derivative of n(k). Is q(-8) prime?
False
Suppose 3*v + 0*w + 32 = -w, 0 = -5*w + 20. Let j(r) = r + 15. Let o be j(v). Suppose -4*b + 5*y + 1746 = -b, -4*b - o*y = -2357. Is b prime?
True
Let n(i) = 5*i**3 - 4*i**3 + i**2 + 1 + 34. Let a be 0/(1 - 0/1). Is n(a) composite?
True
Suppose -230161 = -0*j - 23*j. Is j prime?
True
Let w = 19 - -1. Let n(o) = o**3 - 20*o**2 + 4*o + 11. Is n(w) a composite number?
True
Suppose -190*k = -184*k - 36786. Is k prime?
True
Suppose 0 = h + 4*h + t - 1540, -308 = -h - t. Let b be (-32)/128 - (-18)/8. Suppose -h = -2*v - b*v. Is v composite?
True
Suppose -11*h + 7*h = 48. Is (h/15)/(8/(-940)) composite?
True
Is 281043/45 - (-4)/(-10) a prime number?
False
Suppose 765*m + 17972 = 769*m. Is m composite?
False
Suppose -62*t - 20 = -67*t. Suppose 0 = 2*p + 3*p - b - 10862, -t*p + b + 8689 = 0. Is p a prime number?
False
Let s = 106 + -107. Is (-3)/2*(-196 - (-3 - s)) a prime number?
False
Suppose 7*l + 16 = 11*l. Is l/10 - (-54153)/55 composite?
True
Let z = -34 - -41. Suppose -4*m = 4*t - 17764, -3*t + m = -z*t + 17770. Suppose -6*n = -9*n + t. Is n composite?
False
Let q(c) = -558*c + 2. Let f be q(-4). Suppose 2*d - f = -2*a - 2*d, 0 = a + 4*d - 1117. Is a prime?
True
Suppose 5*a - 15 = -3*v, 0*v + 2*v + 3 = a. Suppose 4*r + v*r + 24 = 0. Is 3 + r + 45 - 3 a prime number?
False
Let w(y) = 34*y**2 + 5*y + 2. Let d = 10 - 13. Is w(d) a composite number?
False
Let j(m) = m**3 - 22*m**2 + 50*m - 46. Is j(30) a prime number?
False
Let k(o) = 11*o**2 - 8*o + 1. Let z be (10 + -9)/(0 - (-1)/4). Is k(z) a composite number?
True
Is 13 + 384/(-30) + 5028/10 a composite number?
False
Suppose -a - 10 = i, 0*a - 4 = -4*a. Let f = i + 94. Is 2 + -6 - -1*f composite?
False
Let b = -113 + 115. Suppose -b*l - 8157 = -5*l. Is l prime?
True
Suppose -11 - 4 = -5*h. Suppose h*u - 6 = -q, 22 = -4*q + 3*q + 4*u. Let o = 20 - q. Is o a composite number?
True
Suppose -2*d + 4*y = 2*y - 454, 3*y - 943 = -4*d. Let n be 0/4 + (4 - 1). Suppose n*f - d = 401. Is f a composite number?
False
Is -6557*(-7 + 6)*1 a composite number?
True
Let c(f) = -741*f**2 - 4*f + 5. Let q(g) = -1483*g**2 - 9*g + 11. Let v(l) = -7*c(l) + 3*q(l). Is v(1) composite?
True
Let w = 640 - -577. Is w a composite number?
False
Suppose -2*d + 4829 = f, -8*d + 4*f + 7227 = -5*d. Is d a composite number?
True
Let j(l) = l**2 - 13*l + 113. Is j(14) a prime number?
True
Suppose 2599 - 217 = -6*z. Let t = z - -690. Is t a composite number?
False
Let v(o) = -31*o - 7. Let z be v(-7). Let d be (-20)/(-25)*z/4. Let y = d + -23. Is y a composite number?
False
Let r = 19 + -11. Suppose 3*p - r = 2*p. Is 2/(-8) + 122/p a prime number?
False
Let k(z) = z + 3. Let g be k(0). Suppose g*x - 528 = 2409. Is x a composite number?
True
Suppose 0 = 3*h - 3*l - 0*l - 5853, -3*l = 15. Suppose 9*t - 1465 = h. Is t prime?
True
Let m(j) = 40*j + 14 - 3*j - 6 + 3. Let f(h) = -18*h - 5. Let y(d) = 9*f(d) + 4*m(d). Is y(-6) prime?
True
Suppose -96 = -0*l + 3*l. Let k be (8/l)/(1/(-12)). Suppose o = -5*i + 3393, -k*o = i + o - 671. Is i composite?
True
Let d be 1/(-8)*1 + (-47)/8. Let s(o) = -104*o - 53. Is s(d) prime?
True
Let w be (-74)/(-2) - 2 - -3. Let a = w - 69. Let k = a + 86. Is k a prime number?
False
Let r = -2073 + 5522. Let y = r - 1794. Is y a composite number?
True
Let v(d) = 41*d**2 - 6*d + 9. Let l be v(4). Let p = 402 + l. Is p a prime number?
False
Suppose 2*f = -2*f - s - 485, 0 = -2*f - 2*s - 250. Is 3530/4*f/(-100) a prime number?
False
Suppose -336297 = -34*u - 5*u. Is u composite?
False
Let b be (-12)/9*(-6)/4. Suppose -5*v + 47 = -4*d, v - b*d - 13 = -0*d. Let c(p) = p - 1. Is c(v) a composite number?
True
Let h(r) = -4*r**3 - 8*r**2 - 6*r - 6. Let b be h(-5). Suppose -3*z = -4*u + 324, z - 4*z - b = 5*u. Is 479/9 + 24/z a composite number?
False
Let u(j) = 11*j**3 + 9*j**2 + 16*j + 34. Let m(c) = -5*c**3 - 5*c**2 - 8*c - 17. Let n(f) = -9*m(f) - 4*u(f). Is n(-7) prime?
True
Suppose -3*r + 3*y - 6248 = r, 0 = -5*r - 5*y - 7845. Let p be r/(-9) - 1/(-9). Suppose 8*q - p = 6*q. Is q prime?
False
Let v = -669 + 1123. Suppose -v = -5*s + 526. Suppose -4*l + s = -0*l. Is l prime?
False
Let f(x) = x**2 + 6*x + 2. Let c be f(6). Suppose t + 3614 = 5*u + 2*t, 4 = -4*t. Let l = c + u. Is l a prime number?
True
Let r = -3 + 2. Let f(g) = -395*g**3 + g**2 - 2*g - 3. Is f(r) a prime number?
False
Let g = 8591 + -4823. Let x = 7153 - g. Is x a composite number?
True
Suppose 12*g - 7*g - 5*v - 2120 = 0, -4*g - 3*v + 1717 = 0. Let p be ((-2)/(-4))/((-1)/(-4)). Suppose c - g = -2*x, -2*x - p*x = 5*c - 2165. Is c prime?
False
Suppose -8180 - 811 = -4*w - a, -5*w - 3*a + 11230 = 0. Is w composite?
True
Let t(j) = -118*j + 37. Let z(b) = -354*b + 110. Let l(r) = -11*t(r) + 4*z(r). Is l(-14) prime?
False
Suppose 0 = -62*t + 69*t - 68117. Is t prime?
False
Let b(s) = -8146*s**3 - 2*s - 1. Is b(-1) prime?
True
Suppose -j = 3*k - 435, 4*j - 2285 = 3*k - 470. Let u = -227 + j. Is u composite?
False
Is 3/1*(-18713)/(-3) prime?
True
Let d = -31 - -32. Is 15/(-45)*(-634 + d) a prime number?
Tr